4 = -151, 5*y - d - 271 = 0. Suppose -5*i + 60 = -y. What is the tens digit of i?
2
Suppose 3*m = g + 3*g + 10, 5 = 2*m - g. Suppose 12 = -m*q + 2. What is the units digit of (-2)/(-1) - (q + 3)?
4
Let a(k) = 16*k**2 + 11*k. What is the units digit of a(6)?
2
Suppose 0 = -u - 13 - 17. Let m = u + 61. What is the units digit of m?
1
Let j(g) = g**3 - g**2 - 5*g + 50. What is the hundreds digit of j(6)?
2
Let u(z) = -2*z**3 - 4*z**2 + z + 3. Suppose -3*h - 11 = -4*a, 0 = 4*h + h - 15. Suppose 0 = a*i + 2 + 13. What is the tens digit of u(i)?
1
Let d = 7 + -2. Suppose 0*b = b + 1, -4*b = -4*c + 48. What is the tens digit of d + c - (3 - 3)?
1
Suppose 0 = -x - t + 599, -5*t + 2995 = 5*x - 2*t. What is the hundreds digit of x?
5
Suppose 35 = x + 4*x. Let r be (-6 + x)/(2/60). What is the tens digit of 305/r - 2/12?
1
Let c(a) = 3*a + 31*a**2 - 30*a**2 - a. Let w(t) = -t + 7. Let s be w(4). What is the units digit of c(s)?
5
Suppose -9*r - 1 = -8*r, -3*i + 3*r + 18276 = 0. What is the hundreds digit of i?
0
Suppose 3*c - 60*h - 2030 = -65*h, -3*h - 2022 = -3*c. What is the hundreds digit of c?
6
Suppose -8*j + 4*j - 444 = 0. Let n be j/(-21) - 4/14. Suppose 3*m = n*r - 101 + 29, -2*r - 5*m = -35. What is the units digit of r?
5
Let q be (11/(-4))/((-9)/108). Let j be (-1722)/(-33) - 6/q. Let p = 74 - j. What is the tens digit of p?
2
Suppose 117 = 2*s - 53. Suppose -5*y = -s + 10. What is the tens digit of y?
1
What is the thousands digit of 72/(-66) - (-63262)/11?
5
Let u = 23 + 500. What is the tens digit of u?
2
Let x be -1*4/(-8)*2*113. Let r = x - 12. What is the units digit of r?
1
Suppose 46*f - 151905 = -19*f. What is the hundreds digit of f?
3
Let g(z) = -160*z + 4. What is the tens digit of g(-3)?
8
Let s(n) = 62*n**3 + n**2. Let w be s(1). Suppose -5*h - 2*b + 75 = -w, 82 = 3*h + 2*b. What is the units digit of h?
8
Let c(t) = -t**3 + 11*t**2 + 15*t - 2. Let m be c(12). Suppose 2*o - 8 = -0*o. Suppose o*z = 50 + m. What is the tens digit of z?
2
Let h(g) = 1410*g**2 - 11*g - 7. What is the tens digit of h(-1)?
1
Let s be (-3)/(-2 - 14/(-10)). Suppose s*q + 2*t - 8 = 7, -4*q - 5 = 5*t. What is the units digit of q - 7 - (-28)/4?
5
Suppose 4*d - 10 = 2*m, -5 + 3 = -2*m + d. Suppose m*q + 5*q = 48. What is the units digit of q?
6
Let b(z) = -2*z**3 + 11*z**2 + 6*z + 7. Let u be b(5). Let h = 157 - u. What is the tens digit of h?
9
Let b = 314 + -124. What is the units digit of b?
0
Let o = 22 - -41. What is the units digit of o?
3
Let x(k) = k + 11. Let d be x(-9). Suppose 0 = -3*l + d*l + 142. What is the tens digit of l?
4
Let f = -47 - -52. Suppose -3*y + 29 - 186 = -f*k, 0 = -5*y + 5. What is the units digit of k?
2
Let g be (-7)/(-1) + 12/(-4). Suppose 3*p - 43 = -5*c + 32, -g*p + 68 = -4*c. Suppose -3*s + 43 = -p. What is the units digit of s?
1
Let p(v) = -v**2 + 8*v + 9. Let o be p(9). Let z(q) = q**2 + q + 92. What is the units digit of z(o)?
2
Let y = -2 + 4. Let h be ((-5)/(-15))/(y/36). What is the tens digit of 3*4/h - -20?
2
Let u(g) = g**3 + 12*g**2 - 3*g - 3. Let r(v) = -11*v - 1. Let n be r(1). Let q be 64/n*9/4. What is the units digit of u(q)?
3
Let r be 10/(-35) + 30/7. Suppose -r*c + 12 = -c. Let x(s) = -s**3 + 4*s**2 + s - 3. What is the units digit of x(c)?
1
Suppose 12*d - 6 = 10*d. Let a(x) = -2*x**3 + 2*x**2 - 5*x + 3. Let y be a(d). What is the units digit of -40*(2 + y/20)?
6
Let n(t) = -t**2 - 4*t. Let a be n(-4). Let p be (56 - -3) + a + 1. Suppose 3*z = -9 + p. What is the units digit of z?
7
Let b(p) = -3 - 3*p - 3*p - 2*p. Let a = 68 + -70. What is the tens digit of b(a)?
1
Suppose 967 = 3*p - u - 1011, -5*u - 1994 = -3*p. What is the units digit of p?
8
Let s be ((-24)/(-60))/((-2)/(-5)). Suppose -4 - s = -g. What is the units digit of 2*(-3 + g + 0)?
4
Suppose -d = 4*d - 30. What is the tens digit of (4/d)/((-36)/(-2430))?
4
Suppose -3*s = 2*m - 3067, 0 = -8*m + 3*m + s + 7642. What is the thousands digit of m?
1
Suppose 0 = 4*n + 2*g - 1146, 7*n + 570 = 9*n + 2*g. What is the hundreds digit of n?
2
Let v = 615 - -45. What is the hundreds digit of v?
6
Let u(k) = 12*k**2 + 34*k + 178. What is the hundreds digit of u(-16)?
7
Let q(p) = p. Let f be q(0). Suppose f = -3*n, 2*u - 2*n = -2*u + 16. Suppose 0 = -4*s - u*t, 5*s = t - 2 + 26. What is the units digit of s?
4
Let w = -2366 + 4144. What is the units digit of w?
8
Suppose -3*o - 4*h + 8*h + 8103 = 0, 0 = o + 4*h - 2685. What is the tens digit of o?
9
Let z(o) = 2*o**3 - 9*o**2 - 2*o + 7. Let t(c) = 74 - 4*c**2 + c**3 - 35 - c - 36. Let a(n) = -7*t(n) + 3*z(n). What is the units digit of a(-1)?
1
Let c(f) = f. Let z be c(-10). Let w be (-8)/20 + (-314)/z. Let v = w - -47. What is the tens digit of v?
7
Let f be (1965/4)/(-5) - 1/(-4). Let m = f - -142. What is the tens digit of m?
4
What is the hundreds digit of (-24 - -46)/(2/21)?
2
Let z = -11 - -387. What is the hundreds digit of z?
3
Suppose -12563 = -5*y + 3*c, 5*y = -4*c + 14284 - 1728. What is the units digit of y?
2
Let u(n) = -3*n**3 + n**2 - 2*n - 2. Suppose -5*r + 0 = 5*k + 10, -2*k + r - 4 = 0. Let w be u(k). Suppose -6 = s - w. What is the units digit of s?
4
Suppose -2*n - 1742 = -2*b, 3*n - 5*b + 3487 = -n. Let q be (n/35)/((-2)/5). Let x = q - 32. What is the tens digit of x?
3
Let n = -53 - -55. Suppose -n*c - 133 = -617. What is the units digit of c?
2
Suppose 3*t - f - 332 = 0, 10*t + 2*f = 11*t - 104. What is the hundreds digit of t?
1
Let o(w) = -w**3 + 67*w**2 - 56*w - 81. What is the tens digit of o(66)?
7
Let j be (-305)/(-25) - (-2)/(-10). Suppose -2*f = 4*f - j. What is the tens digit of (f/4)/(4/104)?
1
Suppose -15*t + 149 + 1681 = 0. What is the units digit of (t - (1 + 2)) + 1?
0
Let b = 2 + 1. Let x(a) = -5*a + 3. Let c be x(b). Let w(g) = g**3 + 11*g**2 - 12*g + 7. What is the units digit of w(c)?
7
Let q(i) = -4*i + 4. Let k be (-4)/(-1) - 10 - 4. Let y be q(k). Let n = y + -2. What is the units digit of n?
2
Let o = -610 - -1021. Suppose o = 8*w - 5*w. What is the hundreds digit of w?
1
Let o = -1396 - -2132. What is the hundreds digit of o?
7
Suppose y - 5 = -3. Let m = y - -3. Suppose 6 + 46 = 3*a + 2*h, -m*h = a. What is the units digit of a?
0
Suppose 0 = 3*x - 9 - 6. Suppose 0 = -5*j - x, -m - 5*j = -j - 1. Suppose -50 = -4*s + m*k, 5*k = 7 + 3. What is the tens digit of s?
1
Let r = 11 - 9. Suppose 224 = -2*u - 2*u + r*t, 2*t - 56 = u. What is the units digit of 1/((-2)/(u/2))?
4
Suppose 2*n - 1578 = m + 38, -4*m = 8. What is the units digit of n?
7
Let c be 3 + 0 + (-6 - -1). Let h be (-155)/(-15) - c/(-6). Suppose 64 = h*r - 8*r. What is the tens digit of r?
3
Suppose -9*j + 226 = -17. What is the units digit of j?
7
Let k = -8 + 8. Let u(z) = z**2 - z + 8. Let x be u(k). What is the units digit of (-2)/x - 174/(-24)?
7
Suppose 2*p = 3*c + 134, 4*p + 0*p = 3*c + 280. What is the tens digit of p?
7
Let h(d) = d**3 + 10*d**2 - 8*d - 4. What is the units digit of h(-5)?
1
Let m = -20 - -39. Let b = 11 + m. Suppose -b = -6*z + 4*z. What is the units digit of z?
5
Suppose 0 = -v + 4*l + 363, -v - 3*l = -249 - 142. What is the units digit of v?
9
Suppose 0 = 31*y - 24612 + 1579. What is the tens digit of y?
4
What is the hundreds digit of 5 + 646/1 + -3 + -6?
6
Suppose 8*n = 5922 - 1938. Suppose 5*q = 2*f + n, -4*q - 2*f = -0*f - 384. What is the tens digit of q?
9
Suppose -3*z = -z - 20. What is the hundreds digit of ((-112)/z)/(2/(-30))?
1
Let y be ((-720)/(-54))/(1/3). What is the tens digit of y/(-16)*26/(-5)?
1
Let o be (-147)/2*(42/18 + -5). Suppose -p - 2 + 4 = 0. Suppose -4*r + o = 5*z + 58, p*r = -3*z + 82. What is the tens digit of z?
2
Let p = -30 + 30. Suppose 4*s = k + 13, 22 = 2*k - 2*s + 6*s. Suppose -8 = x - p*x + k*t, -4*x = 2*t - 8. What is the units digit of x?
4
Suppose 3*t + 10 - 28 = 0. What is the hundreds digit of 1845/10 - 3/t?
1
Suppose -s - 2*s - 8 = -2*i, -4*s = 0. Suppose 2*a = -0 + 4. Suppose -l + i = a. What is the units digit of l?
2
Let g(j) = -11*j - 6. Let o = -10 + 20. Let m be 24/(-40) + (-14)/o. What is the tens digit of g(m)?
1
Suppose 0*i - 23427 = -5*v - 2*i, -9373 = -2*v - 3*i. What is the thousands digit of v?
4
Let t(d) be the second derivative of d**6/120 + d**5/15 - d**4/12 - 7*d**2/2 + 10*d. Let p(i) be the first deriv